{"id":9669,"date":"2012-10-01T15:49:28","date_gmt":"2012-10-01T14:49:28","guid":{"rendered":"https:\/\/www.acasinhadamatematica.pt\/?page_id=9669"},"modified":"2012-10-01T15:49:28","modified_gmt":"2012-10-01T14:49:28","slug":"numeros-inteiros","status":"publish","type":"page","link":"https:\/\/www.acasinhadamatematica.pt\/?page_id=9669","title":{"rendered":"N\u00fameros inteiros"},"content":{"rendered":"<ul class=\"lcp_catlist\" id=\"lcp_instance_0\"><li><a href=\"https:\/\/www.acasinhadamatematica.pt\/?p=11482\">Calcula<\/a>  19 de Novembro de 2012<\/li><li><a href=\"https:\/\/www.acasinhadamatematica.pt\/?p=11480\">Qual \u00e9 o n\u00famero cujo quadrado \u00e9 $841$?<\/a>  19 de Novembro de 2012<\/li><li><a href=\"https:\/\/www.acasinhadamatematica.pt\/?p=11474\">Verdadeiro ou falso?<\/a>  19 de Novembro de 2012<\/li><li><a href=\"https:\/\/www.acasinhadamatematica.pt\/?p=11466\">Os carros de cole\u00e7\u00e3o do Pedro<\/a>  19 de Novembro de 2012<\/li><li><a href=\"https:\/\/www.acasinhadamatematica.pt\/?p=11455\">Os cubos da Rita<\/a>  19 de Novembro de 2012<\/li><li><a href=\"https:\/\/www.acasinhadamatematica.pt\/?p=11452\">$729$ \u00e9 um cubo perfeito<\/a>  19 de Novembro de 2012<\/li><li><a href=\"https:\/\/www.acasinhadamatematica.pt\/?p=11449\">$117$ \u00e9 um n\u00famero natural<\/a>  19 de Novembro de 2012<\/li><li><a href=\"https:\/\/www.acasinhadamatematica.pt\/?p=11443\">Um reservat\u00f3rio c\u00fabico<\/a>  18 de Novembro de 2012<\/li><li><a href=\"https:\/\/www.acasinhadamatematica.pt\/?p=11441\">Indica<\/a>  18 de Novembro de 2012<\/li><li><a href=\"https:\/\/www.acasinhadamatematica.pt\/?p=11433\">Determina<\/a>  18 de Novembro de 2012<\/li><li><a href=\"https:\/\/www.acasinhadamatematica.pt\/?p=11423\">Copia e completa<\/a>  18 de Novembro de 2012<\/li><li><a href=\"https:\/\/www.acasinhadamatematica.pt\/?p=11420\">Constr\u00f3i uma tabela com os cubos perfeitos at\u00e9 1000<\/a>  18 de Novembro de 2012<\/li><li><a href=\"https:\/\/www.acasinhadamatematica.pt\/?p=11399\">Um quadrado<\/a>  15 de Novembro de 2012<\/li><li><a href=\"https:\/\/www.acasinhadamatematica.pt\/?p=11391\">Um quadrado branco<\/a>  15 de Novembro de 2012<\/li><li><a href=\"https:\/\/www.acasinhadamatematica.pt\/?p=11384\">Um jardim dividido em tr\u00eas quadrados iguais<\/a>  15 de Novembro de 2012<\/li><li><a href=\"https:\/\/www.acasinhadamatematica.pt\/?p=11373\">O quintal do Jo\u00e3o<\/a>  15 de Novembro de 2012<\/li><li><a href=\"https:\/\/www.acasinhadamatematica.pt\/?p=11363\">O terreno da D.\u00aa Ant\u00f3nia<\/a>  15 de Novembro de 2012<\/li><li><a href=\"https:\/\/www.acasinhadamatematica.pt\/?p=11351\">Uma toalha de mesa<\/a>  15 de Novembro de 2012<\/li><li><a href=\"https:\/\/www.acasinhadamatematica.pt\/?p=11331\">Um sinal de tr\u00e2nsito<\/a>  12 de Novembro de 2012<\/li><li><a href=\"https:\/\/www.acasinhadamatematica.pt\/?p=11319\">Uma coreografia<\/a>  12 de Novembro de 2012<\/li><li><a href=\"https:\/\/www.acasinhadamatematica.pt\/?p=11312\">O quarto da Joana<\/a>  12 de Novembro de 2012<\/li><li><a href=\"https:\/\/www.acasinhadamatematica.pt\/?p=11280\">Desafio<\/a>  12 de Novembro de 2012<\/li><li><a href=\"https:\/\/www.acasinhadamatematica.pt\/?p=11276\">$117$ \u00e9 um n\u00famero natural<\/a>  12 de Novembro de 2012<\/li><li><a href=\"https:\/\/www.acasinhadamatematica.pt\/?p=11268\">Indica o n\u00famero<\/a>  12 de Novembro de 2012<\/li><li><a href=\"https:\/\/www.acasinhadamatematica.pt\/?p=11265\">Existe algum n\u00famero inteiro que elevado ao quadrado seja igual a $40$?<\/a>  12 de Novembro de 2012<\/li><li><a href=\"https:\/\/www.acasinhadamatematica.pt\/?p=11236\">Copia e completa<\/a>  11 de Novembro de 2012<\/li><li><a href=\"https:\/\/www.acasinhadamatematica.pt\/?p=11227\">O n\u00famero $A$<\/a>  11 de Novembro de 2012<\/li><li><a href=\"https:\/\/www.acasinhadamatematica.pt\/?p=11222\">Determina<\/a>  11 de Novembro de 2012<\/li><li><a href=\"https:\/\/www.acasinhadamatematica.pt\/?p=11218\">O n\u00famero $625$ \u00e9 um quadrado perfeito<\/a>  11 de Novembro de 2012<\/li><li><a href=\"https:\/\/www.acasinhadamatematica.pt\/?p=11206\">Um tapete quadrado<\/a>  11 de Novembro de 2012<\/li><li><a href=\"https:\/\/www.acasinhadamatematica.pt\/?p=11197\">Escreve na forma de produto de um n\u00famero inteiro por um quadrado perfeito<\/a>  11 de Novembro de 2012<\/li><li><a href=\"https:\/\/www.acasinhadamatematica.pt\/?p=11194\">A raiz quadrada de $1024$ \u00e9 $32$<\/a>  11 de Novembro de 2012<\/li><li><a href=\"https:\/\/www.acasinhadamatematica.pt\/?p=11185\">S\u00e3o quadrados perfeitos?<\/a>  11 de Novembro de 2012<\/li><li><a href=\"https:\/\/www.acasinhadamatematica.pt\/?p=11182\">Constr\u00f3i uma tabela com os quadrados perfeitos de 1 a 100<\/a>  11 de Novembro de 2012<\/li><li><a href=\"https:\/\/www.acasinhadamatematica.pt\/?p=11153\">Abelhas<\/a>  30 de Outubro de 2012<\/li><li><a href=\"https:\/\/www.acasinhadamatematica.pt\/?p=11145\">O Nuno escreveu um n\u00famero<\/a>  30 de Outubro de 2012<\/li><li><a href=\"https:\/\/www.acasinhadamatematica.pt\/?p=11133\">Calcula, usando, se poss\u00edvel, as regras operat\u00f3rias das pot\u00eancias<\/a>  30 de Outubro de 2012<\/li><li><a href=\"https:\/\/www.acasinhadamatematica.pt\/?p=11126\">Reduz a uma s\u00f3 pot\u00eancia<\/a>  30 de Outubro de 2012<\/li><li><a href=\"https:\/\/www.acasinhadamatematica.pt\/?p=11124\">Calcula $M &#8211; N$<\/a>  30 de Outubro de 2012<\/li><li><a href=\"https:\/\/www.acasinhadamatematica.pt\/?p=11093\">Regularidades com pot\u00eancias<\/a>  30 de Outubro de 2012<\/li><li><a href=\"https:\/\/www.acasinhadamatematica.pt\/?p=11090\">Calcula<\/a>  30 de Outubro de 2012<\/li><li><a href=\"https:\/\/www.acasinhadamatematica.pt\/?p=11076\">Hex\u00e1gonos e n\u00fameros<\/a>  30 de Outubro de 2012<\/li><li><a href=\"https:\/\/www.acasinhadamatematica.pt\/?p=11058\">Copia e completa<\/a>  26 de Outubro de 2012<\/li><li><a href=\"https:\/\/www.acasinhadamatematica.pt\/?p=11051\">Calcula o n\u00famero designado por cada uma das express\u00f5es<\/a>  26 de Outubro de 2012<\/li><li><a href=\"https:\/\/www.acasinhadamatematica.pt\/?p=11045\">Dias do ano<\/a>  26 de Outubro de 2012<\/li><li><a href=\"https:\/\/www.acasinhadamatematica.pt\/?p=11038\">Determina o valor num\u00e9rico de cada express\u00e3o<\/a>  26 de Outubro de 2012<\/li><li><a href=\"https:\/\/www.acasinhadamatematica.pt\/?p=11032\">Qual a ordem para efetuar as opera\u00e7\u00f5es?<\/a>  26 de Outubro de 2012<\/li><li><a href=\"https:\/\/www.acasinhadamatematica.pt\/?p=11019\">Calcula utilizando as regras das pot\u00eancias<\/a>  26 de Outubro de 2012<\/li><li><a href=\"https:\/\/www.acasinhadamatematica.pt\/?p=11016\">Decomp\u00f5e num produto de duas pot\u00eancias com a mesma base<\/a>  26 de Outubro de 2012<\/li><li><a href=\"https:\/\/www.acasinhadamatematica.pt\/?p=10980\">Uma novidade sobre um ator<\/a>  25 de Outubro de 2012<\/li><li><a href=\"https:\/\/www.acasinhadamatematica.pt\/?p=10966\">Duas folhas $A0$<\/a>  25 de Outubro de 2012<\/li><li><a href=\"https:\/\/www.acasinhadamatematica.pt\/?p=10955\">\u00c1rvores e passarinhos<\/a>  25 de Outubro de 2012<\/li><li><a href=\"https:\/\/www.acasinhadamatematica.pt\/?p=10948\">Um quadrado de fichas<\/a>  25 de Outubro de 2012<\/li><li><a href=\"https:\/\/www.acasinhadamatematica.pt\/?p=10911\">A visita de estudo<\/a>  25 de Outubro de 2012<\/li><li><a href=\"https:\/\/www.acasinhadamatematica.pt\/?p=10901\">Os copos de sumo<\/a>  25 de Outubro de 2012<\/li><li><a href=\"https:\/\/www.acasinhadamatematica.pt\/?p=10702\">O di\u00e2metro de J\u00fapiter<\/a>  20 de Outubro de 2012<\/li><li><a href=\"https:\/\/www.acasinhadamatematica.pt\/?p=10695\">Completa a seguinte tabela<\/a>  20 de Outubro de 2012<\/li><li><a href=\"https:\/\/www.acasinhadamatematica.pt\/?p=10673\">Copia e completa<\/a>  20 de Outubro de 2012<\/li><li><a href=\"https:\/\/www.acasinhadamatematica.pt\/?p=10656\">Verdadeiro ou falso?<\/a>  20 de Outubro de 2012<\/li><li><a href=\"https:\/\/www.acasinhadamatematica.pt\/?p=10648\">Calcula o valor de cada uma das pot\u00eancias<\/a>  20 de Outubro de 2012<\/li><li><a href=\"https:\/\/www.acasinhadamatematica.pt\/?p=10640\">Quanto gasto?<\/a>  20 de Outubro de 2012<\/li><li><a href=\"https:\/\/www.acasinhadamatematica.pt\/?p=10637\">Transforma cada um dos produtos numa pot\u00eancia<\/a>  20 de Outubro de 2012<\/li><li><a href=\"https:\/\/www.acasinhadamatematica.pt\/?p=10633\">Calcula<\/a>  20 de Outubro de 2012<\/li><li><a href=\"https:\/\/www.acasinhadamatematica.pt\/?p=10621\">Onde vai acertar cada uma das setas?<\/a>  17 de Outubro de 2012<\/li><li><a href=\"https:\/\/www.acasinhadamatematica.pt\/?p=10615\">O sinal do resultado da express\u00e3o<\/a>  17 de Outubro de 2012<\/li><li><a href=\"https:\/\/www.acasinhadamatematica.pt\/?p=10602\">Copia e completa<\/a>  16 de Outubro de 2012<\/li><li><a href=\"https:\/\/www.acasinhadamatematica.pt\/?p=10598\">Escreve dois n\u00fameros inteiros<\/a>  16 de Outubro de 2012<\/li><li><a href=\"https:\/\/www.acasinhadamatematica.pt\/?p=10590\">Calcula<\/a>  16 de Outubro de 2012<\/li><li><a href=\"https:\/\/www.acasinhadamatematica.pt\/?p=10578\">Ponto de partida<\/a>  16 de Outubro de 2012<\/li><li><a href=\"https:\/\/www.acasinhadamatematica.pt\/?p=10567\">A Marta quer decifrar uma mensagem<\/a>  16 de Outubro de 2012<\/li><li><a href=\"https:\/\/www.acasinhadamatematica.pt\/?p=10546\">Escolhe um n\u00famero<\/a>  15 de Outubro de 2012<\/li><li><a href=\"https:\/\/www.acasinhadamatematica.pt\/?p=10530\">Calcula o quociente<\/a>  15 de Outubro de 2012<\/li><li><a href=\"https:\/\/www.acasinhadamatematica.pt\/?p=10515\">Pensei num n\u00famero<\/a>  15 de Outubro de 2012<\/li><li><a href=\"https:\/\/www.acasinhadamatematica.pt\/?p=10509\">Descobre o valor de $A$<\/a>  15 de Outubro de 2012<\/li><li><a href=\"https:\/\/www.acasinhadamatematica.pt\/?p=10491\">N\u00fameros em falta<\/a>  14 de Outubro de 2012<\/li><li><a href=\"https:\/\/www.acasinhadamatematica.pt\/?p=10468\">Um caracol foi observado a subir um muro<\/a>  14 de Outubro de 2012<\/li><li><a href=\"https:\/\/www.acasinhadamatematica.pt\/?p=10458\">O maior produto<\/a>  14 de Outubro de 2012<\/li><li><a href=\"https:\/\/www.acasinhadamatematica.pt\/?p=10407\">A cor da \u00faltima risca da fita<\/a>  14 de Outubro de 2012<\/li><li><a href=\"https:\/\/www.acasinhadamatematica.pt\/?p=10379\">A planta da casa do Pedro<\/a>  13 de Outubro de 2012<\/li><li><a href=\"https:\/\/www.acasinhadamatematica.pt\/?p=10358\">O dinheiro do Pedro<\/a>  13 de Outubro de 2012<\/li><li><a href=\"https:\/\/www.acasinhadamatematica.pt\/?p=10347\">Calcula<\/a>  13 de Outubro de 2012<\/li><li><a href=\"https:\/\/www.acasinhadamatematica.pt\/?p=10328\">Verdadeiro ou falso?<\/a>  13 de Outubro de 2012<\/li><li><a href=\"https:\/\/www.acasinhadamatematica.pt\/?p=10308\">Usando dois processos, determina<\/a>  13 de Outubro de 2012<\/li><li><a href=\"https:\/\/www.acasinhadamatematica.pt\/?p=10295\">Indica se as igualdades s\u00e3o verdadeiras ou falsas<\/a>  13 de Outubro de 2012<\/li><li><a href=\"https:\/\/www.acasinhadamatematica.pt\/?p=10281\">Indica a propriedade da multiplica\u00e7\u00e3o utilizada em cada uma das igualdades<\/a>  13 de Outubro de 2012<\/li><li><a href=\"https:\/\/www.acasinhadamatematica.pt\/?p=10268\">Calcula, por dois processos diferentes<\/a>  13 de Outubro de 2012<\/li><li><a href=\"https:\/\/www.acasinhadamatematica.pt\/?p=9779\">Dois n\u00fameros inteiros<\/a>  2 de Outubro de 2012<\/li><li><a href=\"https:\/\/www.acasinhadamatematica.pt\/?p=9772\">O Sr. Macieira trabalha no mercado abastecedor<\/a>  2 de Outubro de 2012<\/li><li><a href=\"https:\/\/www.acasinhadamatematica.pt\/?p=9766\">Uma marcenaria recebeu uma encomenda de 70 arm\u00e1rios<\/a>  2 de Outubro de 2012<\/li><li><a href=\"https:\/\/www.acasinhadamatematica.pt\/?p=9761\">O produto de dois n\u00fameros inteiros consecutivos \u00e9 56<\/a>  2 de Outubro de 2012<\/li><li><a href=\"https:\/\/www.acasinhadamatematica.pt\/?p=9745\">O Tom\u00e1s cobriu as arestas das caixas com fita azul<\/a>  1 de Outubro de 2012<\/li><li><a href=\"https:\/\/www.acasinhadamatematica.pt\/?p=9701\">Pe\u00e7as de &#8220;polidron&#8221;<\/a>  1 de Outubro de 2012<\/li><li><a href=\"https:\/\/www.acasinhadamatematica.pt\/?p=9696\">Qual \u00e9 o sinal do produto desses n\u00fameros?<\/a>  1 de Outubro de 2012<\/li><li><a href=\"https:\/\/www.acasinhadamatematica.pt\/?p=9679\">Quais s\u00e3o os sinais dos dois n\u00fameros?<\/a>  1 de Outubro de 2012<\/li><li><a href=\"https:\/\/www.acasinhadamatematica.pt\/?p=9671\">Qual \u00e9 o n\u00famero?<\/a>  1 de Outubro de 2012<\/li><li><a href=\"https:\/\/www.acasinhadamatematica.pt\/?p=9647\">Um quadrado multiplicativo<\/a>  1 de Outubro de 2012<\/li><li><a href=\"https:\/\/www.acasinhadamatematica.pt\/?p=9629\">Determina<\/a>  30 de Setembro de 2012<\/li><li><a href=\"https:\/\/www.acasinhadamatematica.pt\/?p=9612\">Completa as pilhas de cubos<\/a>  30 de Setembro de 2012<\/li><li><a href=\"https:\/\/www.acasinhadamatematica.pt\/?p=9596\">Completa as sequ\u00eancias<\/a>  30 de Setembro de 2012<\/li><li><a href=\"https:\/\/www.acasinhadamatematica.pt\/?p=9588\">Decomp\u00f5e os n\u00fameros<\/a>  30 de Setembro de 2012<\/li><li><a href=\"https:\/\/www.acasinhadamatematica.pt\/?p=9584\">O que podemos dizer&#8230;<\/a>  30 de Setembro de 2012<\/li><li><a href=\"https:\/\/www.acasinhadamatematica.pt\/?p=9570\">Copia e completa o quadro<\/a>  29 de Setembro de 2012<\/li><li><a href=\"https:\/\/www.acasinhadamatematica.pt\/?p=9557\">Escreve as seguintes express\u00f5es como multiplica\u00e7\u00e3o de n\u00fameros inteiros<\/a>  29 de Setembro de 2012<\/li><\/ul>\n","protected":false},"excerpt":{"rendered":"<p><ul id='GTTabs_ul_9669' class='GTTabs' style='display:none'>\n<li id='GTTabs_li_0_9669' class='GTTabs_curr'><a  id=\"9669_0\" onMouseOver=\"GTTabsShowLinks('Enunciado'); return true;\"  onMouseOut=\"GTTabsShowLinks();\"  class='GTTabsLinks'>Enunciado<\/a><\/li>\n<li id='GTTabs_li_1_9669'><a  id=\"9669_1\" onMouseOver=\"GTTabsShowLinks('Resolu\u00e7\u00e3o'); return true;\"  onMouseOut=\"GTTabsShowLinks();\"  class='GTTabsLinks'>Resolu\u00e7\u00e3o<\/a><\/li>\n<\/ul>\n\n\n<span class='GTTabs_titles'><b>Enunciado<\/b><\/span><\/p>\n<p>Escreve as seguintes express\u00f5es como multiplica\u00e7\u00e3o de n\u00fameros inteiros:<\/p>\n<ol>\n<li>$\\left( { &#8211; 13} \\right) + \\left( { &#8211; 13} \\right) + \\left( { &#8211; 13} \\right)$<\/li>\n<li>$\\left( { &#8211; 5} \\right) + \\left( { &#8211; 5} \\right) + \\left( { &#8211; 5} \\right) + \\left( { &#8211; 5} \\right) + \\left( { &#8211; 5} \\right)$<\/li>\n<li>$7 + 7 + 7 + 7$<\/li>\n<\/ol>\n<p><span class='GTTabs_nav_next'><a href='#GTTabs_ul_9669' onClick='GTTabs_show(1,9669)'>Resolu\u00e7\u00e3o &gt;&gt;<\/a><\/span>\n\n\n<span class='GTTabs_titles'><b>Resolu\u00e7\u00e3o<\/b><\/span><\/p>\n<span class='GTTabs_nav_prev'><a href='#GTTabs_ul_9669' onClick='GTTabs_show(0,9669)'>&lt;&lt; Enunciado<\/a><\/span>&hellip; <a href=\"https:\/\/www.acasinhadamatematica.pt\/?page_id=9669\" class=\"read-more\">Ler mais <\/a>","protected":false},"author":1,"featured_media":0,"parent":9667,"menu_order":0,"comment_status":"open","ping_status":"open","template":"","meta":{"footnotes":""},"class_list":["post-9669","page","type-page","status-publish","hentry"],"jetpack_sharing_enabled":true,"jetpack_likes_enabled":true,"_links":{"self":[{"href":"https:\/\/www.acasinhadamatematica.pt\/index.php?rest_route=\/wp\/v2\/pages\/9669","targetHints":{"allow":["GET"]}}],"collection":[{"href":"https:\/\/www.acasinhadamatematica.pt\/index.php?rest_route=\/wp\/v2\/pages"}],"about":[{"href":"https:\/\/www.acasinhadamatematica.pt\/index.php?rest_route=\/wp\/v2\/types\/page"}],"author":[{"embeddable":true,"href":"https:\/\/www.acasinhadamatematica.pt\/index.php?rest_route=\/wp\/v2\/users\/1"}],"replies":[{"embeddable":true,"href":"https:\/\/www.acasinhadamatematica.pt\/index.php?rest_route=%2Fwp%2Fv2%2Fcomments&post=9669"}],"version-history":[{"count":0,"href":"https:\/\/www.acasinhadamatematica.pt\/index.php?rest_route=\/wp\/v2\/pages\/9669\/revisions"}],"up":[{"embeddable":true,"href":"https:\/\/www.acasinhadamatematica.pt\/index.php?rest_route=\/wp\/v2\/pages\/9667"}],"wp:attachment":[{"href":"https:\/\/www.acasinhadamatematica.pt\/index.php?rest_route=%2Fwp%2Fv2%2Fmedia&parent=9669"}],"curies":[{"name":"wp","href":"https:\/\/api.w.org\/{rel}","templated":true}]}}